{"id":527,"date":"2018-10-12T15:01:30","date_gmt":"2018-10-12T18:01:30","guid":{"rendered":"http:\/\/genesisexpo.webgeniuslab.net\/?page_id=527"},"modified":"2022-09-01T15:15:15","modified_gmt":"2022-09-01T18:15:15","slug":"atracoes","status":"publish","type":"page","link":"https:\/\/festivaldecorais.com.br\/2022\/atracoes\/","title":{"rendered":"Grupos Participantes"},"content":{"rendered":"[vc_row][vc_column][vc_row_inner][vc_column_inner offset=&#8221;vc_col-lg-offset-3 vc_col-lg-6 vc_col-md-offset-2 vc_col-md-8&#8243;][vc_column_text]\r\n<h5 style=\"text-align: center;\">Eles tornar\u00e3o sua noite uma experi\u00eancia m\u00e1gica!<\/h5>\r\n[\/vc_column_text][\/vc_column_inner][\/vc_row_inner][\/vc_column][\/vc_row][vc_row][vc_column][wgl_spacing spacer_size=&#8221;30px&#8221;][wgl_spacing spacer_size=&#8221;30px&#8221;][vc_separator border_width=&#8221;2&#8243;][wgl_spacing spacer_size=&#8221;30px&#8221;][vc_text_separator title=&#8221;Novembro de 2022&#8243;][vc_column_text][\/vc_column_text][\/vc_column][vc_column][wgl_spacing spacer_size=&#8221;30px&#8221;][vc_row_inner][vc_column_inner][\/vc_column_inner][\/vc_row_inner][\/vc_column][vc_column][vc_custom_heading text=&#8221;Duo Elen\u00ed Fagundes &amp; Chico Nogueira&#8221; google_fonts=&#8221;font_family:Actor%3Aregular|font_style:400%20regular%3A400%3Anormal&#8221;][vc_row_inner][vc_column_inner][wgl_spacing spacer_size=&#8221;30px&#8221;][\/vc_column_inner][\/vc_row_inner][\/vc_column][\/vc_row][vc_row][vc_column width=&#8221;1\/2&#8243;][vc_single_image image=&#8221;2723&#8243; img_size=&#8221;large&#8221; style=&#8221;vc_box_shadow_3d&#8221;][vc_text_separator title=&#8221;&#8221;][\/vc_column][vc_column width=&#8221;1\/2&#8243;][vc_column_text]O duo Elen\u00ed Fagundes &amp; Chico Nogueira nasceu dos\r\ninteresses musicais comuns entre os dois artistas.\r\nElen\u00ed estudou piano e canto na Escola de M\u00fasica de\r\nBras\u00edlia, Escola de SP e Manaus.\r\nComo soprano, participou do Coral da UnB, Madrigal UnB,\r\nCoral Messi\u00e2nico, Coral da Universidade do Amazonas, com\r\napresenta\u00e7\u00f5es no Brasil , Canad\u00e1, Su\u00e9cia, Gr\u00e9cia, Alemanha e\r\nEspanha.\r\nFoi diretora musical de v\u00e1rios espet\u00e1culos em Manaus, no\r\nCentro Cultural Reunidos.\r\nParticipou do recital Modinhas e Lundus, em Manaus e\r\nBras\u00edlia, com can\u00e7\u00f5es brasileiras do s\u00e9culo XVIII e XIX.\r\n\u00c9 aluna de canto da Professora Luiza Francesconi.\r\nCriou o Grupo Merceditas onde canta e dirige, com\r\nrepert\u00f3rio em homenagem \u00e0 Mercedes Sosa.\r\nLan\u00e7ou seu primeiro \u00e1lbum \u201cRaz\u00f3n de Vivir\u201d, com o grupo Merceditas.\r\nApresenta-se com o maestro, pianista, arranjador, Alfredo Ericeira,\r\ncan\u00e7\u00f5es latino-americanas arranjadas exclusivamente para piano e voz.\r\nChico \u00e9 cantor e compositor, m\u00fasico autodidata.\r\nCriou a primeira orquestra de viola caipira, juntamente com Br\u00e1s da\r\nViola em S\u00e3o Jos\u00e9 dos Campos.\r\nCriou e dirigiu o grupo Mambembrincantes, que apresentava\r\ncan\u00e7\u00f5es autorais e tradicionais com instrumentos brasileiros.\r\nRealizou shows em v\u00e1rios estados no Brasil, \u00cdndia, Fran\u00e7a,\r\nEspanha, Alemanha, Holanda, Uruguai, Argentina, Bol\u00edvia,\r\nParaguai.\r\nLan\u00e7ou seu CD Chico Nogueira Viola e V\u00f3s, com composi\u00e7\u00f5es\r\npr\u00f3prias e interpreta\u00e7\u00f5es de cl\u00e1ssicos mundiais.\r\nParticipou de programas na TV Bandeirantes e SBT, canais\r\nde webtv em SP e programas de r\u00e1dio.\r\nFez a trilha sonora e narra\u00e7\u00e3o do premiado filme MAIO\r\nNOSSO MAIO, que conta a hist\u00f3ria do Primeiro de Maio no\r\nmundo.\r\nComp\u00f4s v\u00e1rias trilhas sonoras de filmes e pe\u00e7as de teatro.\r\nFaz parte do elenco do musical GRACIAS A LA VIDA, escrito por Pedro\r\nTierra e dirigido por Hugo Rodas, em cartaz em Bras\u00edlia.[\/vc_column_text][\/vc_column][\/vc_row][vc_row][vc_column][vc_row_inner][vc_column_inner][\/vc_column_inner][\/vc_row_inner][vc_text_separator title=&#8221;&#8221;][vc_separator border_width=&#8221;2&#8243;][wgl_spacing spacer_size=&#8221;30px&#8221;][\/vc_column][\/vc_row][vc_row][vc_column][vc_row_inner][vc_column_inner][\/vc_column_inner][\/vc_row_inner][vc_text_separator title=&#8221;&#8221;][vc_separator border_width=&#8221;2&#8243;][wgl_spacing spacer_size=&#8221;30px&#8221;][\/vc_column][\/vc_row][vc_row][vc_column][vc_text_separator title=&#8221;Sexta 19\/12\/2020.&#8221;][vc_separator border_width=&#8221;2&#8243;][wgl_spacing spacer_size=&#8221;30px&#8221;][\/vc_column][vc_column][\/vc_column][\/vc_row][vc_row][vc_column][vc_custom_heading text=&#8221;Toninho Horta&#8221; google_fonts=&#8221;font_family:Actor%3Aregular|font_style:400%20regular%3A400%3Anormal&#8221;][wgl_spacing spacer_size=&#8221;30px&#8221;][\/vc_column][\/vc_row][vc_row][vc_column width=&#8221;1\/2&#8243;][vc_single_image image=&#8221;2311&#8243; img_size=&#8221;525x269px&#8221; style=&#8221;vc_box_shadow_3d&#8221;][\/vc_column][vc_column width=&#8221;1\/2&#8243;][vc_column_text]<strong>A programa\u00e7\u00e3o ter\u00e1 in\u00edcio no s\u00e1bado, 19 de dezembro, \u00e0s 19 horas, na Bas\u00edlica Estadual das Romaria (Igreja Nova), com o violonista, cantor e compositor Toninho Horta, ganhador do Grammy Latino 2020.<\/strong>[\/vc_column_text][\/vc_column][\/vc_row][vc_row][vc_column][wgl_spacing spacer_size=&#8221;30px&#8221;][vc_video link=&#8221;https:\/\/www.youtube.com\/watch?v=d8ZPhYD4PmY&#8221; el_aspect=&#8221;235&#8243; align=&#8221;center&#8221;][\/vc_column][\/vc_row][vc_row][vc_column][wgl_spacing spacer_size=&#8221;30px&#8221;][vc_separator border_width=&#8221;2&#8243;][\/vc_column][\/vc_row][vc_row][vc_column][vc_separator border_width=&#8221;2&#8243;][wgl_spacing spacer_size=&#8221;30px&#8221;][\/vc_column][\/vc_row][vc_row][vc_column][vc_custom_heading text=&#8221;Cantata de Natal com Coral Banda Cantos de Minas, Coral Ensaio Aberto e CIA de Dan\u00e7a Primeiro Amor sob Reg\u00eancia do Maestro Lindomar Gomes.&#8221; font_container=&#8221;tag:h5|text_align:left&#8221; google_fonts=&#8221;font_family:Actor%3Aregular|font_style:400%20regular%3A400%3Anormal&#8221;][wgl_spacing spacer_size=&#8221;30px&#8221;][\/vc_column][\/vc_row][vc_row][vc_column width=&#8221;1\/2&#8243;][vc_single_image image=&#8221;2317&#8243; img_size=&#8221;525x269px&#8221; style=&#8221;vc_box_shadow_3d&#8221;][\/vc_column][vc_column width=&#8221;1\/2&#8243;][vc_column_text]<strong><span>Em seguida, o Coral Banda Cantos de Minas (BH) e Coral Ensaio Aberto (Contagem) apresentam a Cantata de Natal, sob reg\u00eancia do Maestro Lindomar Gomes, idealizador e realizador do FIC.<\/span><\/strong>[\/vc_column_text][\/vc_column][\/vc_row][vc_row][vc_column][wgl_spacing spacer_size=&#8221;30px&#8221;][vc_video link=&#8221;https:\/\/m.youtube.com\/watch?feature=youtu.be&amp;v=hn8QhIyRL90#&#8221; el_aspect=&#8221;235&#8243; align=&#8221;center&#8221;][\/vc_column][\/vc_row][vc_row][vc_column][wgl_spacing spacer_size=&#8221;30px&#8221;][vc_separator border_width=&#8221;2&#8243;][\/vc_column][\/vc_row][vc_row][vc_column][vc_separator border_width=&#8221;2&#8243;][wgl_spacing spacer_size=&#8221;30px&#8221;][\/vc_column][\/vc_row][vc_row][vc_column][vc_custom_heading text=&#8221;Mamour African Beat&#8221; font_container=&#8221;tag:h3|text_align:left&#8221; google_fonts=&#8221;font_family:Actor%3Aregular|font_style:400%20regular%3A400%3Anormal&#8221;][wgl_spacing spacer_size=&#8221;30px&#8221;][\/vc_column][\/vc_row][vc_row][vc_column width=&#8221;1\/2&#8243;][vc_single_image image=&#8221;2319&#8243; img_size=&#8221;525x269px&#8221; style=&#8221;vc_box_shadow_3d&#8221;][\/vc_column][vc_column width=&#8221;1\/2&#8243;][vc_column_text]<strong><span>O cantor e multi-instumentista senegal\u00eas Mamour African Beat encerram a programa\u00e7\u00e3o da primeira noite do FIC.<\/span><\/strong>\r\n\r\n&nbsp;\r\n\r\nMamourafrican beat\r\nExperiente m\u00fasico, percussionista, compositor e multi-instrumentista, senegal\u00eas, Mamour Ba teve sua inicia\u00e7\u00e3o musical africana ao lado de artistas de renome e forma\u00e7\u00e3o acad\u00eamica na Escola de arte de Dakar, Senegal.\r\nRadicado no Brasil, e como ele mesmo diz n\u00e3o \u00e9 a toda que escolheu o Brasil para difundir sua riqueza musical proveniente das di\u00e1sporas africanas. Mamour Ba considerado o papa da improvisa\u00e7\u00e3o. Dono de grande arsenal musical, que impressiona a todos, m\u00fasico capaz de levar sua arte a todo tipo de p\u00fablico e com uma for\u00e7a de transformar qualquer pessoa em artista. Vale a pena conhecer esse grande artista viceral. Mamour Ba apresentar\u00e1 acompanhado de seus filhos Cheik Ba &amp; Djeinaba Ba, Coral Ensaio Aberto &amp; Coral Banda Cantos de Minas.[\/vc_column_text][\/vc_column][\/vc_row][vc_row][vc_column][wgl_spacing spacer_size=&#8221;30px&#8221;][vc_video link=&#8221;https:\/\/www.youtube.com\/watch?v=x1BLybcFzr4&#8243; el_aspect=&#8221;235&#8243; align=&#8221;center&#8221;][\/vc_column][\/vc_row][vc_row][vc_column][wgl_spacing spacer_size=&#8221;30px&#8221;][vc_separator border_width=&#8221;2&#8243;][wgl_spacing spacer_size=&#8221;30px&#8221;][vc_text_separator title=&#8221;Domingo 20\/12\/2020.&#8221;][wgl_spacing spacer_size=&#8221;30px&#8221;][\/vc_column][\/vc_row][vc_row][vc_column][vc_separator border_width=&#8221;2&#8243;][wgl_spacing spacer_size=&#8221;30px&#8221;][\/vc_column][\/vc_row][vc_row][vc_column][vc_custom_heading text=&#8221;Claudio Venturini e Telo Borges&#8221; font_container=&#8221;tag:h3|text_align:left&#8221; google_fonts=&#8221;font_family:Actor%3Aregular|font_style:400%20regular%3A400%3Anormal&#8221;][wgl_spacing spacer_size=&#8221;30px&#8221;][\/vc_column][\/vc_row][vc_row][vc_column width=&#8221;1\/2&#8243;][vc_single_image image=&#8221;2321&#8243; img_size=&#8221;525x269px&#8221; style=&#8221;vc_box_shadow_3d&#8221;][\/vc_column][vc_column width=&#8221;1\/2&#8243;][vc_column_text]<strong><span>Cl\u00e1udio Venturini e Telo Borges abrem a programa\u00e7\u00e3o de domingo, 20 de dezembro, com apresenta\u00e7\u00e3o \u00e0s 12:30 horas no Santu\u00e1rio Bas\u00edlica Nossa Senhora da Piedade (Ermida).<\/span><\/strong>\r\n\r\n&nbsp;\r\n\r\n<span style=\"font-weight: 400;\">Cl\u00e1udio Venturini e Telo Borges n\u00e3o precisam de apresenta\u00e7\u00e3o. Eles s\u00e3o leg\u00edtimos construtores do valor desses sobrenomes na m\u00fasica pop do Brasil. <\/span><span style=\"font-weight: 400;\">Irm\u00e3os mais novos do Clube da Esquina, nem por isso a obra dos dois \u00e9 menos importante do que a de seus irm\u00e3os mais velhos. S\u00e3o equivalentes na qualidade exemplar das composi\u00e7\u00f5es, nas ricas harmonias, na maestria das execu\u00e7\u00f5es. De uma certa forma, ambos contribu\u00edram para solidificar o status de seus pares perante os ouvidos mais apurados.<\/span>[\/vc_column_text][\/vc_column][\/vc_row][vc_row][vc_column][wgl_spacing spacer_size=&#8221;30px&#8221;][vc_video link=&#8221;https:\/\/www.youtube.com\/watch?v=m20aT7mSo48&#8243; el_aspect=&#8221;235&#8243; align=&#8221;center&#8221;][\/vc_column][\/vc_row][vc_row][vc_column][wgl_spacing spacer_size=&#8221;30px&#8221;][vc_separator border_width=&#8221;2&#8243;][\/vc_column][\/vc_row][vc_row][vc_column][vc_separator border_width=&#8221;2&#8243;][wgl_spacing spacer_size=&#8221;30px&#8221;][\/vc_column][\/vc_row][vc_row][vc_column][vc_custom_heading text=&#8221;Chico Lobo&#8221; google_fonts=&#8221;font_family:Actor%3Aregular|font_style:400%20regular%3A400%3Anormal&#8221;][wgl_spacing spacer_size=&#8221;30px&#8221;][\/vc_column][\/vc_row][vc_row][vc_column width=&#8221;1\/2&#8243;][vc_single_image image=&#8221;2323&#8243; img_size=&#8221;525x269px&#8221; style=&#8221;vc_box_shadow_3d&#8221;][\/vc_column][vc_column width=&#8221;1\/2&#8243;][vc_column_text]<strong><span>Em seguida, no mesmo local, o violeiro Chico Lobo, mostra ao p\u00fablico seu tradicional repert\u00f3rio de modas, temas instrumentais e can\u00e7\u00f5es.<\/span><\/strong>\r\n\r\n&nbsp;\r\n\r\n<span style=\"font-weight: 400;\">Natural de S\u00e3o Jo\u00e3o Del Rei, o violeiro Chico Lobo tem mais de 30 anos de carreira e \u00e9 considerado pela cr\u00edtica como um dos artistas mais atuantes no cen\u00e1rio nacional na divulga\u00e7\u00e3o e valoriza\u00e7\u00e3o da cultura de raiz brasileira. Com mais de 20 CDs lan\u00e7ados, dois DVDs, livro e shows por todo o Brasil e diversos pa\u00edses como Portugal, It\u00e1lia, China, Canad\u00e1, Argentina, Chile, Col\u00f4mbia, o m\u00fasico canta suas ra\u00edzes e as conecta com nossa contemporaneidade. Folias, catiras, modas, batuques, causos e toques de viola, desfilam com alegria em suas apresenta\u00e7\u00f5es. Venceu por tr\u00eas vezes consecutivas (2015, 2017 e 2017) o Pr\u00eamio Profissionais da M\u00fasica como Melhor Artista Regional, pr\u00eamio que acontece anualmente em Bras\u00edlia.<\/span>[\/vc_column_text][\/vc_column][\/vc_row][vc_row][vc_column][wgl_spacing spacer_size=&#8221;30px&#8221;][vc_video link=&#8221;https:\/\/www.youtube.com\/watch?v=x9oyxmq5zEU&#8221; el_aspect=&#8221;235&#8243; align=&#8221;center&#8221;][\/vc_column][\/vc_row][vc_row][vc_column][wgl_spacing spacer_size=&#8221;30px&#8221;][vc_separator border_width=&#8221;2&#8243;][\/vc_column][\/vc_row][vc_row][vc_column][vc_separator border_width=&#8221;2&#8243;][wgl_spacing spacer_size=&#8221;30px&#8221;][\/vc_column][\/vc_row][vc_row][vc_column][vc_custom_heading text=&#8221;Duo Eleonora e Gabby Cipriani&#8221; font_container=&#8221;tag:h3|text_align:left&#8221; google_fonts=&#8221;font_family:Actor%3Aregular|font_style:400%20regular%3A400%3Anormal&#8221;][wgl_spacing spacer_size=&#8221;30px&#8221;][\/vc_column][\/vc_row][vc_row][vc_column width=&#8221;1\/2&#8243;][vc_single_image image=&#8221;2325&#8243; img_size=&#8221;525x269px&#8221; style=&#8221;vc_box_shadow_3d&#8221;][\/vc_column][vc_column width=&#8221;1\/2&#8243;][vc_column_text]<strong><span>A programa\u00e7\u00e3o do segundo dia do 18\u00ba Festival Internacional de Corais ser\u00e1 finalizada com o Duo Eleonora e a cantora Gabby Cipriani.<\/span><\/strong>\r\n\r\n&nbsp;\r\n\r\n<span style=\"font-weight: 400;\">Artistas atuantes no cen\u00e1rio musical contempor\u00e2neo, Duo Eleonora e Gabi Cipriani realizam trabalhos juntos h\u00e1 quatro anos. Participaram de apresenta\u00e7\u00f5es no Rio de janeiro (evento \u201cCine Estrela\u201d), por v\u00e1rios anos s\u00e3o artistas convidados do FIC &#8211; Festival Internacional de Corais, parceria no bloco \u201cF\u00fanebre\u201d do carnaval de Belo Horizonte, al\u00e9m de v\u00eddeos e trilhas sonoras para a circula\u00e7\u00e3o em meio digital. A jun\u00e7\u00e3o do grupo Eleonora e Gabby Cipriani propicia a expans\u00e3o de produ\u00e7\u00e3o musical e repert\u00f3rio, entrela\u00e7ando a m\u00fasica popular e erudita.<\/span>[\/vc_column_text][\/vc_column][\/vc_row][vc_row][vc_column][wgl_spacing spacer_size=&#8221;30px&#8221;][vc_video link=&#8221;https:\/\/www.youtube.com\/watch?v=GurJm7wt0hs&#8221; el_aspect=&#8221;235&#8243; align=&#8221;center&#8221;][\/vc_column][\/vc_row][vc_row][vc_column][wgl_spacing spacer_size=&#8221;30px&#8221;][vc_separator border_width=&#8221;2&#8243;][\/vc_column][\/vc_row]","protected":false},"excerpt":{"rendered":"[vc_row][vc_column][vc_row_inner][vc_column_inner offset=&#8221;vc_col-lg-offset-3 vc_col-lg-6 vc_col-md-offset-2 vc_col-md-8&#8243;][vc_column_text] Eles tornar\u00e3o sua noite uma experi\u00eancia m\u00e1gica! [\/vc_column_text][\/vc_column_inner][\/vc_row_inner][\/vc_column][\/vc_row][vc_row][vc_column][wgl_spacing spacer_size=&#8221;30px&#8221;][wgl_spacing spacer_size=&#8221;30px&#8221;][vc_separator border_width=&#8221;2&#8243;][wgl_spacing spacer_size=&#8221;30px&#8221;][vc_text_separator title=&#8221;Novembro de 2022&#8243;][vc_column_text][\/vc_column_text][\/vc_column][vc_column][wgl_spacing spacer_size=&#8221;30px&#8221;][vc_row_inner][vc_column_inner][\/vc_column_inner][\/vc_row_inner][\/vc_column][vc_column][vc_custom_heading text=&#8221;Duo Elen\u00ed Fagundes &amp; Chico Nogueira&#8221; google_fonts=&#8221;font_family:Actor%3Aregular|font_style:400%20regular%3A400%3Anormal&#8221;][vc_row_inner][vc_column_inner][wgl_spacing spacer_size=&#8221;30px&#8221;][\/vc_column_inner][\/vc_row_inner][\/vc_column][\/vc_row][vc_row][vc_column width=&#8221;1\/2&#8243;][vc_single_image image=&#8221;2723&#8243; img_size=&#8221;large&#8221; style=&#8221;vc_box_shadow_3d&#8221;][vc_text_separator title=&#8221;&#8221;][\/vc_column][vc_column width=&#8221;1\/2&#8243;][vc_column_text]O duo Elen\u00ed Fagundes &amp; Chico Nogueira nasceu dos interesses musicais comuns entre os dois artistas. Elen\u00ed estudou piano e canto [&hellip;]","protected":false},"author":1,"featured_media":2723,"parent":0,"menu_order":0,"comment_status":"closed","ping_status":"closed","template":"","meta":{"_vp_format_video_url":"","_vp_image_focal_point":[]},"aioseo_notices":[],"_links":{"self":[{"href":"https:\/\/festivaldecorais.com.br\/2022\/wp-json\/wp\/v2\/pages\/527"}],"collection":[{"href":"https:\/\/festivaldecorais.com.br\/2022\/wp-json\/wp\/v2\/pages"}],"about":[{"href":"https:\/\/festivaldecorais.com.br\/2022\/wp-json\/wp\/v2\/types\/page"}],"author":[{"embeddable":true,"href":"https:\/\/festivaldecorais.com.br\/2022\/wp-json\/wp\/v2\/users\/1"}],"replies":[{"embeddable":true,"href":"https:\/\/festivaldecorais.com.br\/2022\/wp-json\/wp\/v2\/comments?post=527"}],"version-history":[{"count":34,"href":"https:\/\/festivaldecorais.com.br\/2022\/wp-json\/wp\/v2\/pages\/527\/revisions"}],"predecessor-version":[{"id":3481,"href":"https:\/\/festivaldecorais.com.br\/2022\/wp-json\/wp\/v2\/pages\/527\/revisions\/3481"}],"wp:featuredmedia":[{"embeddable":true,"href":"https:\/\/festivaldecorais.com.br\/2022\/wp-json\/wp\/v2\/media\/2723"}],"wp:attachment":[{"href":"https:\/\/festivaldecorais.com.br\/2022\/wp-json\/wp\/v2\/media?parent=527"}],"curies":[{"name":"wp","href":"https:\/\/api.w.org\/{rel}","templated":true}]}}