{"id":1859,"date":"2020-08-17T16:12:19","date_gmt":"2020-08-17T19:12:19","guid":{"rendered":"https:\/\/festivaldecorais.com.br\/2022\/?page_id=1859"},"modified":"2022-09-01T15:12:29","modified_gmt":"2022-09-01T18:12:29","slug":"equipe","status":"publish","type":"page","link":"https:\/\/festivaldecorais.com.br\/2022\/equipe\/","title":{"rendered":"Nossa equipe"},"content":{"rendered":"[vc_row][vc_column width=&#8221;1\/2&#8243;][vc_column_text]<strong>Coordena\u00e7\u00e3o e Produ\u00e7\u00e3o Geral:<\/strong><span>\u00a0<\/span>Lindomar Gomes;\r\n\r\n<strong>Coordena\u00e7\u00e3o e Assessoria de Comunica\u00e7\u00e3o:<\/strong><span>\u00a0<\/span>Carolina Lima;\r\n\r\n<strong>Publicidade e Design:<span>\u00a0<\/span><\/strong>Sparta Comunica\u00e7\u00e3o;\r\n\r\n<strong>Produ\u00e7\u00e3o Audiovisual e Design:<\/strong><span>\u00a0<\/span>Dener Vieira e Henrique Silva Barbosa;\r\n\r\n<strong>Produ\u00e7\u00e3o Executiva e Gestor de Redes Sociais:<span>\u00a0<\/span><\/strong>Marcelo Sander;\r\n\r\n<strong>Produ\u00e7\u00e3o Executiva:<\/strong>\u00a0Juliana Souza Silva, Celso Ricardo\r\n\r\n<strong>Gestora local de Arax\u00e1:<span>\u00a0<\/span><\/strong>Danilo Duarte, Robson Dias e Waniaceli Dias;\r\n\r\n<strong>Gestora local de Jequitb\u00e1:<\/strong><span>\u00a0<\/span>Val\u00e9ria Assad;\r\n\r\n<strong>Gestora local de Martinho Campos:<\/strong><span>\u00a0<\/span>Simone Teixeira;\r\n\r\n<strong>Gestora local de Chapada \u2013 Ouro Preto:<span>\u00a0<\/span><\/strong>Preta;\r\n\r\n<strong>Gestora local de Passagem de Mariana<span>\u00a0<\/span><\/strong>\u2013 D\u00e9bora Santos;\r\n\r\n<strong>Gestor local de Padre Viegas \u2013 Mariana:<\/strong><span>\u00a0<\/span>Maestro Edu Junior Nonato;\r\n\r\n<strong>Gestor local da Aldeia Boa Vista de Ubatuba:<\/strong><span>\u00a0<\/span>\u00cdndio Alex Guarani;\r\n\r\n<strong>Gestor local da Aldeia Patax\u00f3 de Carm\u00e9sia:<\/strong><span>\u00a0<\/span>Cacique Melzaq;[\/vc_column_text][\/vc_column][vc_column width=&#8221;1\/2&#8243;][vc_column_text]<strong>Gestor local da Aldeia Patax\u00f3 de Itapecirica:<span>\u00a0<\/span><\/strong>Cacique Kanatyo;\r\n\r\n<strong>Gestor local da Aldeia Xucuru Kariri de Caldas:<span>\u00a0<\/span><\/strong>Cacique Jal;\r\n\r\n<strong>Gestor local de Caldas:<\/strong>\u00a0Geraldo Magela\r\n\r\n<strong>Gestor local de Tiradentes:<span>\u00a0<\/span><\/strong>Henrique Rohrmann;\r\n\r\n<strong>Gestor Local da Aldeia Kaxix\u00f3:<\/strong><span>\u00a0<\/span>Let\u00edcia Oliveira;\r\n\r\n<strong>Receptivo de grupos do exterior:<span>\u00a0<\/span><\/strong>Juliana Bitencourt;\r\n\r\n<strong>M\u00fasica Tema:<span>\u00a0<\/span><\/strong>Leonardo Cunha e Murilo Antunes;\r\n\r\n<strong>Grava\u00e7\u00e3o M\u00fasica Tema:\u00a0<span>\u00a0<\/span><\/strong>Robson Lopes\r\n\r\n<strong>Apresentadores:<\/strong><span>\u00a0<\/span>Marcelo Sander, Jo\u00e3o Eduardo; Vilmar\r\n\r\n<strong>Assessoria de Imprensa em Minas Gerais:<\/strong><span>\u00a0<\/span>Naza Music;\r\n\r\n<strong>Apoio institucional:<span>\u00a0<\/span><\/strong>Rede Globo Minas, Arquidiocese Metropolitana de Belo Horizonte, FMC,\u00a0 Gr\u00e1fica Tavares, O Tempo, Rede Minas, R\u00e1dio Inconfid\u00eancia, PMMG,\u00a0 Engesolo, BMA Ambiental\r\n\r\n<strong>Realiza\u00e7\u00e3o:<span>\u00a0<\/span><\/strong>Maestro Lindomar Gomes.[\/vc_column_text][\/vc_column][\/vc_row]","protected":false},"excerpt":{"rendered":"[vc_row][vc_column width=&#8221;1\/2&#8243;][vc_column_text]Coordena\u00e7\u00e3o e Produ\u00e7\u00e3o Geral:\u00a0Lindomar Gomes; Coordena\u00e7\u00e3o e Assessoria de Comunica\u00e7\u00e3o:\u00a0Carolina Lima; Publicidade e Design:\u00a0Sparta Comunica\u00e7\u00e3o; Produ\u00e7\u00e3o Audiovisual e Design:\u00a0Dener Vieira e Henrique Silva Barbosa; Produ\u00e7\u00e3o Executiva e Gestor de Redes Sociais:\u00a0Marcelo Sander; Produ\u00e7\u00e3o Executiva:\u00a0Juliana Souza Silva, Celso Ricardo Gestora local de Arax\u00e1:\u00a0Danilo Duarte, Robson Dias e Waniaceli Dias; Gestora local de Jequitb\u00e1:\u00a0Val\u00e9ria Assad; Gestora [&hellip;]","protected":false},"author":1,"featured_media":0,"parent":0,"menu_order":0,"comment_status":"closed","ping_status":"closed","template":"","meta":{"_vp_format_video_url":"","_vp_image_focal_point":[]},"aioseo_notices":[],"_links":{"self":[{"href":"https:\/\/festivaldecorais.com.br\/2022\/wp-json\/wp\/v2\/pages\/1859"}],"collection":[{"href":"https:\/\/festivaldecorais.com.br\/2022\/wp-json\/wp\/v2\/pages"}],"about":[{"href":"https:\/\/festivaldecorais.com.br\/2022\/wp-json\/wp\/v2\/types\/page"}],"author":[{"embeddable":true,"href":"https:\/\/festivaldecorais.com.br\/2022\/wp-json\/wp\/v2\/users\/1"}],"replies":[{"embeddable":true,"href":"https:\/\/festivaldecorais.com.br\/2022\/wp-json\/wp\/v2\/comments?post=1859"}],"version-history":[{"count":3,"href":"https:\/\/festivaldecorais.com.br\/2022\/wp-json\/wp\/v2\/pages\/1859\/revisions"}],"predecessor-version":[{"id":1862,"href":"https:\/\/festivaldecorais.com.br\/2022\/wp-json\/wp\/v2\/pages\/1859\/revisions\/1862"}],"wp:attachment":[{"href":"https:\/\/festivaldecorais.com.br\/2022\/wp-json\/wp\/v2\/media?parent=1859"}],"curies":[{"name":"wp","href":"https:\/\/api.w.org\/{rel}","templated":true}]}}